lculate the remainder when 2092 is divided by 468.
220
Calculate the remainder when 77523 is divided by 5958.
69
Calculate the remainder when 1665 is divided by 185.
0
Calculate the remainder when 10273 is divided by 2565.
13
What is the remainder when 3580 is divided by 3575?
5
What is the remainder when 31752 is divided by 1758?
108
Calculate the remainder when 14319 is divided by 40.
39
What is the remainder when 16508 is divided by 139?
106
What is the remainder when 3715 is divided by 728?
75
Calculate the remainder when 718648 is divided by 90.
88
What is the remainder when 7269 is divided by 858?
405
Calculate the remainder when 104213 is divided by 20842.
3
Calculate the remainder when 32952 is divided by 4118.
8
Calculate the remainder when 12494 is divided by 224.
174
What is the remainder when 10363 is divided by 10208?
155
What is the remainder when 31802 is divided by 4540?
22
Calculate the remainder when 1974 is divided by 118.
86
Calculate the remainder when 9717 is divided by 2363.
265
What is the remainder when 2619538 is divided by 70?
68
Calculate the remainder when 315 is divided by 112.
91
What is the remainder when 2805 is divided by 618?
333
Calculate the remainder when 60996 is divided by 21.
12
What is the remainder when 39256 is divided by 13076?
28
Calculate the remainder when 1785 is divided by 580.
45
What is the remainder when 59170 is divided by 2191?
13
What is the remainder when 22126 is divided by 43?
24
What is the remainder when 905580 is divided by 18866?
12
Calculate the remainder when 86772 is divided by 16.
4
Calculate the remainder when 86137 is divided by 3311.
51
Calculate the remainder when 7236 is divided by 40.
36
Calculate the remainder when 1436 is divided by 458.
62
Calculate the remainder when 5920 is divided by 2960.
0
What is the remainder when 4034 is divided by 133?
44
Calculate the remainder when 12258 is divided by 1350.
108
Calculate the remainder when 87418 is divided by 1040.
58
Calculate the remainder when 19628 is divided by 314.
160
What is the remainder when 3718 is divided by 1187?
157
Calculate the remainder when 26544 is divided by 75.
69
What is the remainder when 459517 is divided by 27030?
7
Calculate the remainder when 11946 is divided by 5971.
4
What is the remainder when 451 is divided by 5?
1
Calculate the remainder when 453109 is divided by 19.
16
What is the remainder when 1399 is divided by 323?
107
What is the remainder when 862305 is divided by 431151?
3
Calculate the remainder when 43599 is divided by 18.
3
What is the remainder when 1014 is divided by 51?
45
Calculate the remainder when 65628 is divided by 56.
52
What is the remainder when 460593 is divided by 82?
81
Calculate the remainder when 3261 is divided by 1068.
57
Calculate the remainder when 1016215 is divided by 36.
7
Calculate the remainder when 10190 is divided by 1272.
14
Calculate the remainder when 1103331 is divided by 43.
37
Calculate the remainder when 1028932 is divided by 736.
4
What is the remainder when 532428 is divided by 5?
3
What is the remainder when 61847 is divided by 658?
653
Calculate the remainder when 147966 is divided by 64.
62
Calculate the remainder when 311 is divided by 156.
155
What is the remainder when 11053 is divided by 358?
313
Calculate the remainder when 162500 is divided by 121.
118
Calculate the remainder when 17842 is divided by 8901.
40
Calculate the remainder when 278798 is divided by 28.
2
Calculate the remainder when 112797 is divided by 480.
477
What is the remainder when 5709 is divided by 179?
160
What is the remainder when 81454 is divided by 222?
202
Calculate the remainder when 3540 is divided by 8.
4
What is the remainder when 4748 is divided by 60?
8
Calculate the remainder when 2675 is divided by 880.
35
Calculate the remainder when 9584 is divided by 27.
26
Calculate the remainder when 38055 is divided by 18819.
417
What is the remainder when 88546 is divided by 29501?
43
What is the remainder when 2251 is divided by 16?
11
Calculate the remainder when 8773 is divided by 1285.
1063
What is the remainder when 245659 is divided by 122746?
167
What is the remainder when 3386 is divided by 840?
26
What is the remainder when 93349 is divided by 93329?
20
Calculate the remainder when 1040487 is divided by 664.
663
Calculate the remainder when 5484 is divided by 32.
12
What is the remainder when 56498 is divided by 1107?
41
Calculate the remainder when 1302606 is divided by 272.
270
Calculate the remainder when 875 is divided by 174.
5
What is the remainder when 11488 is divided by 38?
12
What is the remainder when 177268 is divided by 1755?
13
What is the remainder when 2405 is divided by 83?
81
What is the remainder when 420067 is divided by 552?
547
Calculate the remainder when 165024 is divided by 813.
798
What is the remainder when 55704 is divided by 31?
28
What is the remainder when 9366 is divided by 4683?
0
Calculate the remainder when 7229 is divided by 1106.
593
What is the remainder when 84622 is divided by 1765?
1667
Calculate the remainder when 11430 is divided by 31.
22
What is the remainder when 4147317 is divided by 642?
639
What is the remainder when 76675 is divided by 172?
135
Calculate the remainder when 129073 is divided by 18437.
14
What is the remainder when 37959 is divided by 57?
54
What is the remainder when 2743 is divided by 78?
13
What is the remainder when 53829 is divided by 5981?
0
Calculate the remainder when 20826 is divided by 20745.
81
What is the remainder when 4315 is divided by 48?
43
What is the remainder when 3241501 is divided by 22202?
9
What is the remainder when 14649 is divided by 27?
15
What is the remainder when 1256 is divided by 250?
6
Calculate the remainder when 4609 is divided by 1535.
4
What is the remainder when 2064 is divided by 643?
135
What is the remainder when 24149 is divided by 21?
20
Calculate the remainder when 416 is divided by 10.
6
Calculate the remainder when 24804 is divided by 138.
102
What is the remainder when 5912 is divided by 1095?
437
Calculate the remainder when 2336998 is divided by 778996.
10
Calculate the remainder when 1150 is divided by 21.
16
Calculate the remainder when 1657 is divided by 550.
7
Calculate the remainder when 5611 is divided by 133.
25
Calculate the remainder when 55041 is divided by 13758.
9
Calculate the remainder when 11771 is divided by 905.
6
What is the remainder when 188950 is divided by 19?
14
Calculate the remainder when 65296 is divided by 29.
17
Calculate the remainder when 4977 is divided by 64.
49
What is the remainder when 24023 is divided by 123?
38
Calculate the remainder when 65039 is divided by 253.
18
Calculate the remainder when 188125 is divided by 15676.
13
What is the remainder when 9682 is divided by 666?
358
What is the remainder when 31259 is divided by 76?
23
What is the remainder when 141425 is divided by 199?
135
Calculate the remainder when 826536 is divided by 340.
336
Calculate the remainder when 6382 is divided by 449.
96
What is the remainder when 292 is divided by 137?
18
What is the remainder when 10912 is divided by 102?
100
What is the remainder when 12626 is divided by 407?
9
What is the remainder when 537722 is divided by 404?
402
What is the remainder when 75 is divided by 11?
9
What is the remainder when 9188 is divided by 2264?
132
Calculate the remainder when 10959 is divided by 14.
11
What is the remainder when 9368 is divided by 1167?
32
Calculate the remainder when 23152 is divided by 102.
100
Calculate the remainder when 142169 is divided by 2451.
11
Calculate the remainder when 114532 is divided by 15.
7
What is the remainder when 121521 is divided by 82?
79
What is the remainder when 58942 is divided by 56?
30
Calculate the remainder when 3952746 is divided by 254.
252
Calculate the remainder when 139336 is divided by 2732.
4
Calculate the remainder when 4835955 is divided by 183.
180
Calculate the remainder when 1322 is divided by 1185.
137
What is the remainder when 6399 is divided by 69?
51
What is the remainder when 156314 is divided by 150?
14
What is the remainder when 118358 is divided by 9?
8
Calculate the remainder when 45005 is divided by 180.
5
Calculate the remainder when 204150 is divided by 9